{"id":448,"date":"2016-07-04T17:13:23","date_gmt":"2016-07-04T21:13:23","guid":{"rendered":"http:\/\/162.243.91.38\/?page_id=448"},"modified":"2016-07-04T17:13:23","modified_gmt":"2016-07-04T21:13:23","slug":"modulo-cemiterio","status":"publish","type":"page","link":"https:\/\/www.lamper.com.br\/?page_id=448","title":{"rendered":"M\u00f3dulo Cemit\u00e9rio"},"content":{"rendered":"<div class=\"page-header\">\n<h2>M\u00f3dulo Cemit\u00e9rio<\/h2>\n<\/div>\n<div>\n<p style=\"text-align: justify;\"><span style=\"font-size: 12pt;\"><img class=\"alignleft\" src=\"http:\/\/www.prodata.inf.br\/images\/prodata\/modCemiterio.jpg\" alt=\"\" width=\"400\" align=\"right\" border=\"0\" \/><\/span><\/p>\n<\/div>\n<div>\n<h4>O QUE \u00c9 O M\u00d3DULO CEMIT\u00c9RIO?<\/h4>\n<p style=\"text-align: justify;\">Este m\u00f3dulo \u00e9 utilizado para armazenar e pesquisar informa\u00e7\u00f5es dos cemit\u00e9rios dos munic\u00edpios. Seu sistema permite controlar as ocupa\u00e7\u00f5es de sepulturas, concess\u00f5es, falecimentos e obitu\u00e1rios por meio de uma sofisticada programa\u00e7\u00e3o estat\u00edstica e de relat\u00f3rios de gerenciamento.<\/p>\n<h4><\/h4>\n<h4><\/h4>\n<h4><\/h4>\n<p>&nbsp;<br \/>\n&nbsp;<\/p>\n<h4>QUAIS AS VANTAGENS DO M\u00d3DULO?<\/h4>\n<hr \/>\n<ul>\n<li style=\"text-align: justify;\"><span style=\"font-size: 12pt;\">Cadastro geral de todos os cemit\u00e9rios do munic\u00edpio<\/span><\/li>\n<li style=\"text-align: justify;\"><span style=\"font-size: 12pt;\">Elabora o registro de dados para o sepultamento em diversos n\u00edveis (nome, documento, localiza\u00e7\u00e3o das sepulturas, datas e grau de parentesco)<\/span><\/li>\n<li style=\"text-align: justify;\"><span style=\"font-size: 12pt;\">Mapeia as \u00e1reas do cemit\u00e9rio<\/span><\/li>\n<li style=\"text-align: justify;\"><span style=\"font-size: 12pt;\">Emite relat\u00f3rio de localiza\u00e7\u00e3o das sepulturas<\/span><\/li>\n<li style=\"text-align: justify;\"><span style=\"font-size: 12pt;\">Permite controle e monitoramento de informa\u00e7\u00f5es como n\u00famero de falecimentos e hist\u00f3rico de sepultamento<\/span><\/li>\n<li style=\"text-align: justify;\"><span style=\"font-size: 12pt;\">Registra as causas da morte e as caracter\u00edsticas f\u00edsicas das pessoas falecidas<\/span><\/li>\n<\/ul>\n<\/div>\n","protected":false},"excerpt":{"rendered":"<p>M\u00f3dulo Cemit\u00e9rio O QUE \u00c9 O M\u00d3DULO CEMIT\u00c9RIO? Este m\u00f3dulo \u00e9 utilizado para armazenar e pesquisar informa\u00e7\u00f5es dos cemit\u00e9rios dos munic\u00edpios. Seu sistema permite controlar as ocupa\u00e7\u00f5es de sepulturas, concess\u00f5es, falecimentos e obitu\u00e1rios por meio de uma sofisticada programa\u00e7\u00e3o estat\u00edstica e de relat\u00f3rios de gerenciamento. &nbsp; &nbsp; QUAIS AS VANTAGENS DO M\u00d3DULO? Cadastro geral de<\/p>\n","protected":false},"author":1,"featured_media":0,"parent":528,"menu_order":0,"comment_status":"open","ping_status":"open","template":"fullwidth.php","meta":[],"uagb_featured_image_src":{"full":false,"thumbnail":false,"medium":false,"medium_large":false,"large":false,"1536x1536":false,"2048x2048":false,"home_post_thumb":false,"wl_page_thumb":false,"blog_2c_thumb":false},"uagb_author_info":{"display_name":"admin","author_link":"https:\/\/www.lamper.com.br\/?author=1"},"uagb_comment_info":0,"uagb_excerpt":"M\u00f3dulo Cemit\u00e9rio O QUE \u00c9 O M\u00d3DULO CEMIT\u00c9RIO? Este m\u00f3dulo \u00e9 utilizado para armazenar e pesquisar informa\u00e7\u00f5es dos cemit\u00e9rios dos munic\u00edpios. Seu sistema permite controlar as ocupa\u00e7\u00f5es de sepulturas, concess\u00f5es, falecimentos e obitu\u00e1rios por meio de uma sofisticada programa\u00e7\u00e3o estat\u00edstica e de relat\u00f3rios de gerenciamento. &nbsp; &nbsp; QUAIS AS VANTAGENS DO M\u00d3DULO? Cadastro geral de","_links":{"self":[{"href":"https:\/\/www.lamper.com.br\/index.php?rest_route=\/wp\/v2\/pages\/448"}],"collection":[{"href":"https:\/\/www.lamper.com.br\/index.php?rest_route=\/wp\/v2\/pages"}],"about":[{"href":"https:\/\/www.lamper.com.br\/index.php?rest_route=\/wp\/v2\/types\/page"}],"author":[{"embeddable":true,"href":"https:\/\/www.lamper.com.br\/index.php?rest_route=\/wp\/v2\/users\/1"}],"replies":[{"embeddable":true,"href":"https:\/\/www.lamper.com.br\/index.php?rest_route=%2Fwp%2Fv2%2Fcomments&post=448"}],"version-history":[{"count":0,"href":"https:\/\/www.lamper.com.br\/index.php?rest_route=\/wp\/v2\/pages\/448\/revisions"}],"up":[{"embeddable":true,"href":"https:\/\/www.lamper.com.br\/index.php?rest_route=\/wp\/v2\/pages\/528"}],"wp:attachment":[{"href":"https:\/\/www.lamper.com.br\/index.php?rest_route=%2Fwp%2Fv2%2Fmedia&parent=448"}],"curies":[{"name":"wp","href":"https:\/\/api.w.org\/{rel}","templated":true}]}}

Módulo Cemitério

<div class="page-header">
<h2>Módulo Cemitério</h2>
</div>
<div>
<p style="text-align: justify;"><span style="font-size: 12pt;"><img class="alignleft" src="http://www.prodata.inf.br/images/prodata/modCemiterio.jpg" alt="" width="400" align="right" border="0" /></span></p>
</div>
<div>
<h4>O QUE É O MÓDULO CEMITÉRIO?</h4>
<p style="text-align: justify;">Este módulo é utilizado para armazenar e pesquisar informações dos cemitérios dos municípios. Seu sistema permite controlar as ocupações de sepulturas, concessões, falecimentos e obituários por meio de uma sofisticada programação estatística e de relatórios de gerenciamento.</p>
<h4></h4>
<h4></h4>
<h4></h4>
<p>&nbsp;<br />
&nbsp;</p>
<h4>QUAIS AS VANTAGENS DO MÓDULO?</h4>
<hr />
<ul>
<li style="text-align: justify;"><span style="font-size: 12pt;">Cadastro geral de todos os cemitérios do município</span></li>
<li style="text-align: justify;"><span style="font-size: 12pt;">Elabora o registro de dados para o sepultamento em diversos níveis (nome, documento, localização das sepulturas, datas e grau de parentesco)</span></li>
<li style="text-align: justify;"><span style="font-size: 12pt;">Mapeia as áreas do cemitério</span></li>
<li style="text-align: justify;"><span style="font-size: 12pt;">Emite relatório de localização das sepulturas</span></li>
<li style="text-align: justify;"><span style="font-size: 12pt;">Permite controle e monitoramento de informações como número de falecimentos e histórico de sepultamento</span></li>
<li style="text-align: justify;"><span style="font-size: 12pt;">Registra as causas da morte e as características físicas das pessoas falecidas</span></li>
</ul>
</div>

<p>Módulo Cemitério O QUE É O MÓDULO CEMITÉRIO? Este módulo é utilizado para armazenar e pesquisar informações dos cemitérios dos municípios. Seu sistema permite controlar as ocupações de sepulturas, concessões, falecimentos e obituários por meio de uma sofisticada programação estatística e de relatórios de gerenciamento. &nbsp; &nbsp; QUAIS AS VANTAGENS DO MÓDULO? Cadastro geral de</p>

Módulo Cemitério O QUE É O MÓDULO CEMITÉRIO? Este módulo é utilizado para armazenar e pesquisar informações dos cemitérios dos municípios. Seu sistema permite controlar as ocupações de sepulturas, concessões, falecimentos e obituários por meio de uma sofisticada programação estatística e de relatórios de gerenciamento. &nbsp; &nbsp; QUAIS AS VANTAGENS DO MÓDULO? Cadastro geral de
