{"id":456,"date":"2016-02-04T17:15:39","date_gmt":"2016-02-04T17:15:39","guid":{"rendered":"http:\/\/162.243.91.38\/?page_id=456"},"modified":"2016-02-04T17:15:39","modified_gmt":"2016-02-04T17:15:39","slug":"modulo-patrimonio","status":"publish","type":"page","link":"https:\/\/www.lamper.com.br\/?page_id=456","title":{"rendered":"M\u00f3dulo Patrim\u00f4nio"},"content":{"rendered":"<h2 style=\"text-align: justify;\"><img class=\"alignleft\" src=\"http:\/\/www.prodata.inf.br\/images\/prodata\/modPatrimonio.jpg\" alt=\"\" width=\"400\" align=\"right\" border=\"0\" \/>M\u00f3dulo Patrim\u00f4nio<\/h2>\n<h4 style=\"text-align: justify;\">O QUE \u00c9 O M\u00d3DULO PATRIM\u00d4NIO?<\/h4>\n<p style=\"text-align: justify;\"><span style=\"font-size: 12pt;\">O m\u00f3dulo Patrim\u00f4nio facilita a administra\u00e7\u00e3o de todos os bens patrimoniais do \u00f3rg\u00e3o p\u00fablico. Atua como um gestor dos bens municipais disponibilizado a todos os departamentos que geram movimenta\u00e7\u00e3o de bens. O m\u00f3dulo permite a gest\u00e3o do patrim\u00f4nio desde a aquisi\u00e7\u00e3o at\u00e9 a baixa com controle e acompanhamento dos processos.<\/span><\/p>\n<p style=\"text-align: justify;\"><span style=\"line-height: 1.5;\">Est\u00e1 integrado os setores de compras, licita\u00e7\u00f5es, contabilidade e financeiro para permitir a contabiliza\u00e7\u00e3o autom\u00e1tica da liquida\u00e7\u00e3o das despesas, destina\u00e7\u00e3o, deprecia\u00e7\u00e3o e reavalia\u00e7\u00e3o de todos os bens p\u00fablicos, como carros, computadores, mesas, cadeiras e outros.<\/span><\/p>\n<ul>\n<li style=\"text-align: justify;\">\n<h4>QUAIS AS VANTAGENS DO M\u00d3DULO?<\/h4>\n<hr \/>\n<\/li>\n<li style=\"text-align: justify;\"><span style=\"font-size: 12pt;\">Possui informa\u00e7\u00f5es cadastrais de bens m\u00f3veis e im\u00f3veis pr\u00f3prios, locados em comodato, com dados necess\u00e1rios ao controle patrimonial<\/span><\/li>\n<li style=\"text-align: justify;\"><span style=\"font-size: 12pt;\">Codifica os bens agrupando-os por natureza e conta patrimonial<\/span><\/li>\n<li style=\"text-align: justify;\"><span style=\"font-size: 12pt;\">Calcula automaticamente a deprecia\u00e7\u00e3o e valoriza\u00e7\u00e3o dos bens<\/span><\/li>\n<li style=\"text-align: justify;\"><span style=\"font-size: 12pt;\">Emite e registra o Termo de Guarda e Responsabilidade por departamento para cada bem<\/span><\/li>\n<li style=\"text-align: justify;\"><span style=\"font-size: 12pt;\">Mant\u00e9m sempre atualizado o rastreamento hist\u00f3rico dos bens, tendo um controle do respons\u00e1vel, da localiza\u00e7\u00e3o e da situa\u00e7\u00e3o do bem patrimonial, ap\u00f3lices e seus vencimentos.<\/span><\/li>\n<li style=\"text-align: justify;\"><span style=\"font-size: 12pt;\">Emite e registra o Termo de Guarda e Responsabilidade por departamento para cada bem.<\/span><\/li>\n<li style=\"text-align: justify;\"><span style=\"font-size: 12pt;\">Emite relat\u00f3rios de invent\u00e1rio dos bens, incluindo sua movimenta\u00e7\u00e3o mensal e anual.<\/span><\/li>\n<\/ul>\n","protected":false},"excerpt":{"rendered":"<p>M\u00f3dulo Patrim\u00f4nio O QUE \u00c9 O M\u00d3DULO PATRIM\u00d4NIO? O m\u00f3dulo Patrim\u00f4nio facilita a administra\u00e7\u00e3o de todos os bens patrimoniais do \u00f3rg\u00e3o p\u00fablico. Atua como um gestor dos bens municipais disponibilizado a todos os departamentos que geram movimenta\u00e7\u00e3o de bens. O m\u00f3dulo permite a gest\u00e3o do patrim\u00f4nio desde a aquisi\u00e7\u00e3o at\u00e9 a baixa com controle e<\/p>\n","protected":false},"author":1,"featured_media":0,"parent":528,"menu_order":0,"comment_status":"closed","ping_status":"closed","template":"fullwidth.php","meta":[],"uagb_featured_image_src":{"full":false,"thumbnail":false,"medium":false,"medium_large":false,"large":false,"1536x1536":false,"2048x2048":false,"home_post_thumb":false,"wl_page_thumb":false,"blog_2c_thumb":false},"uagb_author_info":{"display_name":"admin","author_link":"https:\/\/www.lamper.com.br\/?author=1"},"uagb_comment_info":0,"uagb_excerpt":"M\u00f3dulo Patrim\u00f4nio O QUE \u00c9 O M\u00d3DULO PATRIM\u00d4NIO? O m\u00f3dulo Patrim\u00f4nio facilita a administra\u00e7\u00e3o de todos os bens patrimoniais do \u00f3rg\u00e3o p\u00fablico. Atua como um gestor dos bens municipais disponibilizado a todos os departamentos que geram movimenta\u00e7\u00e3o de bens. O m\u00f3dulo permite a gest\u00e3o do patrim\u00f4nio desde a aquisi\u00e7\u00e3o at\u00e9 a baixa com controle e","_links":{"self":[{"href":"https:\/\/www.lamper.com.br\/index.php?rest_route=\/wp\/v2\/pages\/456"}],"collection":[{"href":"https:\/\/www.lamper.com.br\/index.php?rest_route=\/wp\/v2\/pages"}],"about":[{"href":"https:\/\/www.lamper.com.br\/index.php?rest_route=\/wp\/v2\/types\/page"}],"author":[{"embeddable":true,"href":"https:\/\/www.lamper.com.br\/index.php?rest_route=\/wp\/v2\/users\/1"}],"replies":[{"embeddable":true,"href":"https:\/\/www.lamper.com.br\/index.php?rest_route=%2Fwp%2Fv2%2Fcomments&post=456"}],"version-history":[{"count":0,"href":"https:\/\/www.lamper.com.br\/index.php?rest_route=\/wp\/v2\/pages\/456\/revisions"}],"up":[{"embeddable":true,"href":"https:\/\/www.lamper.com.br\/index.php?rest_route=\/wp\/v2\/pages\/528"}],"wp:attachment":[{"href":"https:\/\/www.lamper.com.br\/index.php?rest_route=%2Fwp%2Fv2%2Fmedia&parent=456"}],"curies":[{"name":"wp","href":"https:\/\/api.w.org\/{rel}","templated":true}]}}

Módulo Patrimônio

<h2 style="text-align: justify;"><img class="alignleft" src="http://www.prodata.inf.br/images/prodata/modPatrimonio.jpg" alt="" width="400" align="right" border="0" />Módulo Patrimônio</h2>
<h4 style="text-align: justify;">O QUE É O MÓDULO PATRIMÔNIO?</h4>
<p style="text-align: justify;"><span style="font-size: 12pt;">O módulo Patrimônio facilita a administração de todos os bens patrimoniais do órgão público. Atua como um gestor dos bens municipais disponibilizado a todos os departamentos que geram movimentação de bens. O módulo permite a gestão do patrimônio desde a aquisição até a baixa com controle e acompanhamento dos processos.</span></p>
<p style="text-align: justify;"><span style="line-height: 1.5;">Está integrado os setores de compras, licitações, contabilidade e financeiro para permitir a contabilização automática da liquidação das despesas, destinação, depreciação e reavaliação de todos os bens públicos, como carros, computadores, mesas, cadeiras e outros.</span></p>
<ul>
<li style="text-align: justify;">
<h4>QUAIS AS VANTAGENS DO MÓDULO?</h4>
<hr />
</li>
<li style="text-align: justify;"><span style="font-size: 12pt;">Possui informações cadastrais de bens móveis e imóveis próprios, locados em comodato, com dados necessários ao controle patrimonial</span></li>
<li style="text-align: justify;"><span style="font-size: 12pt;">Codifica os bens agrupando-os por natureza e conta patrimonial</span></li>
<li style="text-align: justify;"><span style="font-size: 12pt;">Calcula automaticamente a depreciação e valorização dos bens</span></li>
<li style="text-align: justify;"><span style="font-size: 12pt;">Emite e registra o Termo de Guarda e Responsabilidade por departamento para cada bem</span></li>
<li style="text-align: justify;"><span style="font-size: 12pt;">Mantém sempre atualizado o rastreamento histórico dos bens, tendo um controle do responsável, da localização e da situação do bem patrimonial, apólices e seus vencimentos.</span></li>
<li style="text-align: justify;"><span style="font-size: 12pt;">Emite e registra o Termo de Guarda e Responsabilidade por departamento para cada bem.</span></li>
<li style="text-align: justify;"><span style="font-size: 12pt;">Emite relatórios de inventário dos bens, incluindo sua movimentação mensal e anual.</span></li>
</ul>

<p>Módulo Patrimônio O QUE É O MÓDULO PATRIMÔNIO? O módulo Patrimônio facilita a administração de todos os bens patrimoniais do órgão público. Atua como um gestor dos bens municipais disponibilizado a todos os departamentos que geram movimentação de bens. O módulo permite a gestão do patrimônio desde a aquisição até a baixa com controle e</p>

Módulo Patrimônio O QUE É O MÓDULO PATRIMÔNIO? O módulo Patrimônio facilita a administração de todos os bens patrimoniais do órgão público. Atua como um gestor dos bens municipais disponibilizado a todos os departamentos que geram movimentação de bens. O módulo permite a gestão do patrimônio desde a aquisição até a baixa com controle e
