{"id":476,"date":"2016-07-04T17:25:23","date_gmt":"2016-07-04T21:25:23","guid":{"rendered":"http:\/\/162.243.91.38\/?page_id=476"},"modified":"2016-07-04T17:25:23","modified_gmt":"2016-07-04T21:25:23","slug":"modulo-educacao","status":"publish","type":"page","link":"https:\/\/www.lamper.com.br\/?page_id=476","title":{"rendered":"M\u00f3dulo Educa\u00e7\u00e3o"},"content":{"rendered":"<div class=\"page-header\"><\/div>\n<div>\n<div class=\"page-header\">\n<h2>M\u00f3dulo Educa\u00e7\u00e3o<\/h2>\n<\/div>\n<div>\n<h4>O QUE \u00c9 O M\u00d3DULO EDUCA\u00c7\u00c3O?<\/h4>\n<p><img loading=\"lazy\" class=\"alignleft\" src=\"http:\/\/www.prodata.inf.br\/images\/educacao.jpg\" alt=\"educacao\" width=\"300\" height=\"184\" \/>O M\u00f3dulo Educa\u00e7\u00e3o \u00e9 uma ferramenta completa de integra\u00e7\u00e3o entre a Secretaria Municipal de Educa\u00e7\u00e3o, as institui\u00e7\u00f5es de ensino da rede e todas as outras Secretarias do Munic\u00edpio por meio de uma base \u00fanica e ambiente 100% web. A plataforma proporciona \u00e0 Secretaria recursos eficientes de gerenciamento did\u00e1tico-pedag\u00f3gico, vis\u00e3o completa e sempre atualizada sobre a situa\u00e7\u00e3o administrativa das escolas, permite o acompanhamento do desempenho escolar dos alunos e d\u00e1 acesso a relat\u00f3rios estat\u00edsticos de toda a gest\u00e3o escolar.<\/p>\n<p>O sistema disp\u00f5e de seis m\u00f3dulos estrat\u00e9gicos: Secretaria, Unidade de Ensino, o Portal do Professor, o Portal do Coordenador, o Portal do Aluno e a Chamada P\u00fablica.<\/p>\n<\/div>\n<\/div>\n<div>\n<div>\n<ul>\n<li style=\"text-align: justify;\"><span style=\"font-size: 12pt;\"><strong><strong>Secretaria:<\/strong><\/strong>\u00a0permite configurar, estabelecer par\u00e2metros, fazer a manuten\u00e7\u00e3o do sistema educacional municipal e gerar relat\u00f3rios gerenciais.<\/span><\/li>\n<li style=\"text-align: justify;\"><span style=\"font-size: 12pt;\"><strong>Unidade de Ensino:<\/strong> neste ambiente \u00e9 poss\u00edvel fazer toda a gest\u00e3o da unidade, cadastrar alunos, turmas, professores, lan\u00e7ar notas e faltas, arquivar documentos entre outros recursos que auxiliam a organiza\u00e7\u00e3o de cada escola.<\/span><\/li>\n<li style=\"text-align: justify;\"><span style=\"font-size: 12pt;\"><strong>Portal do Professor:<\/strong> otimiza todo o trabalho dos professores, diminuindo as possibilidades de erros e oferecendo mobilidade. Informa\u00e7\u00f5es como cronograma de atividades, frequ\u00eancia e notas, por exemplo, podem ser cadastradas em tempo real por meio do Di\u00e1rio Online;<\/span><\/li>\n<li style=\"text-align: justify;\"><span style=\"font-size: 12pt;\"><strong>Portal do Coordenador:<\/strong> realiza a gest\u00e3o e a valida\u00e7\u00e3o de conte\u00fados de aula definidos em reuni\u00e3o pelos professores.<\/span><\/li>\n<li style=\"text-align: justify;\"><span style=\"font-size: 12pt;\"><strong>Portal do Aluno:<\/strong> \u00e9 um ambiente de integra\u00e7\u00e3o pais\/alunos-escola. Permite o acesso a toda a vida escolar dos alunos com acesso \u00e0s frequ\u00eancias, impress\u00e3o de atividades, boletins e comunicados. Todas as informa\u00e7\u00f5es podem ser acessadas pela internet de qualquer computador, onde quer que esteja.<\/span><\/li>\n<li style=\"text-align: justify;\"><span style=\"font-size: 12pt;\"><strong>Chamada p\u00fablica:<\/strong> funciona como uma ferramenta online de pr\u00e9-matr\u00edcula com cadastro e acompanhamento da solicita\u00e7\u00e3o.<\/span><\/li>\n<\/ul>\n<p>&nbsp;<\/p>\n<h4>\u00a0DIFERENCIAIS:<\/h4>\n<hr \/>\n<ul>\n<li style=\"text-align: justify;\"><span style=\"font-size: 12pt;\">Permite a visualiza\u00e7\u00e3o de gr\u00e1ficos com dados das Unidade de Ensino do Munic\u00edpio e gera relat\u00f3rios gr\u00e1ficos estat\u00edsticos com demonstrativo de metas, m\u00e9dia, evolu\u00e7\u00e3o e situa\u00e7\u00e3o dos alunos.<\/span><\/li>\n<li style=\"text-align: justify;\"><span style=\"font-size: 12pt;\">Acesso a relat\u00f3rios detalhados como: ata de resultados finais, controle de evas\u00e3o, desenvolvimento da turma\/aluno, di\u00e1rio de classe, distor\u00e7\u00e3o idade x s\u00e9rie, evolu\u00e7\u00e3o bimestral, ficha avaliativa, hist\u00f3rico, \u00edndices de rendimento escolar, m\u00e9dias gerais das unidades, notas e faltas, porcentagem de alunos abaixo da m\u00e9dia, quantidade de alunos por turma, entre outras.<\/span><\/li>\n<li style=\"text-align: justify;\"><span style=\"font-size: 12pt;\">Permite a configura\u00e7\u00e3o do crit\u00e9rio de avalia\u00e7\u00e3o e matriz curricular conforme a estrutura de organizacional do sistema de ensino do munic\u00edpio, nas quais se enquadram escolas, disciplinas, atividades e professores e informa dados b\u00e1sicos das disciplinas, carga hor\u00e1ria, objetivo e ementa, conte\u00fado program\u00e1tico, notas, bibliografia e docentes.<\/span><\/li>\n<li style=\"text-align: justify;\"><span style=\"font-size: 12pt;\">Monitoramento completo dos alunos com: gerenciamento das informa\u00e7\u00f5es pessoais e relativas \u00e0 vida escolar (matr\u00edcula, troca de turma\/s\u00e9rie e transfer\u00eancia), cadastro das atividades extras, armazena anota\u00e7\u00f5es comportamentais, pedag\u00f3gicas e de sa\u00fade, mant\u00e9m ou altera o registro das diferentes atividades curriculares ou n\u00e3o desenvolvidas pelo aluno no decorrer de seu aprendizado.<\/span><\/li>\n<\/ul>\n<\/div>\n<\/div>\n","protected":false},"excerpt":{"rendered":"<p>M\u00f3dulo Educa\u00e7\u00e3o O QUE \u00c9 O M\u00d3DULO EDUCA\u00c7\u00c3O? O M\u00f3dulo Educa\u00e7\u00e3o \u00e9 uma ferramenta completa de integra\u00e7\u00e3o entre a Secretaria Municipal de Educa\u00e7\u00e3o, as institui\u00e7\u00f5es de ensino da rede e todas as outras Secretarias do Munic\u00edpio por meio de uma base \u00fanica e ambiente 100% web. A plataforma proporciona \u00e0 Secretaria recursos eficientes de gerenciamento<\/p>\n","protected":false},"author":1,"featured_media":0,"parent":528,"menu_order":0,"comment_status":"open","ping_status":"open","template":"fullwidth.php","meta":[],"uagb_featured_image_src":{"full":false,"thumbnail":false,"medium":false,"medium_large":false,"large":false,"1536x1536":false,"2048x2048":false,"home_post_thumb":false,"wl_page_thumb":false,"blog_2c_thumb":false},"uagb_author_info":{"display_name":"admin","author_link":"https:\/\/www.lamper.com.br\/?author=1"},"uagb_comment_info":0,"uagb_excerpt":"M\u00f3dulo Educa\u00e7\u00e3o O QUE \u00c9 O M\u00d3DULO EDUCA\u00c7\u00c3O? O M\u00f3dulo Educa\u00e7\u00e3o \u00e9 uma ferramenta completa de integra\u00e7\u00e3o entre a Secretaria Municipal de Educa\u00e7\u00e3o, as institui\u00e7\u00f5es de ensino da rede e todas as outras Secretarias do Munic\u00edpio por meio de uma base \u00fanica e ambiente 100% web. A plataforma proporciona \u00e0 Secretaria recursos eficientes de gerenciamento","_links":{"self":[{"href":"https:\/\/www.lamper.com.br\/index.php?rest_route=\/wp\/v2\/pages\/476"}],"collection":[{"href":"https:\/\/www.lamper.com.br\/index.php?rest_route=\/wp\/v2\/pages"}],"about":[{"href":"https:\/\/www.lamper.com.br\/index.php?rest_route=\/wp\/v2\/types\/page"}],"author":[{"embeddable":true,"href":"https:\/\/www.lamper.com.br\/index.php?rest_route=\/wp\/v2\/users\/1"}],"replies":[{"embeddable":true,"href":"https:\/\/www.lamper.com.br\/index.php?rest_route=%2Fwp%2Fv2%2Fcomments&post=476"}],"version-history":[{"count":0,"href":"https:\/\/www.lamper.com.br\/index.php?rest_route=\/wp\/v2\/pages\/476\/revisions"}],"up":[{"embeddable":true,"href":"https:\/\/www.lamper.com.br\/index.php?rest_route=\/wp\/v2\/pages\/528"}],"wp:attachment":[{"href":"https:\/\/www.lamper.com.br\/index.php?rest_route=%2Fwp%2Fv2%2Fmedia&parent=476"}],"curies":[{"name":"wp","href":"https:\/\/api.w.org\/{rel}","templated":true}]}}