{"id":763,"date":"2016-07-06T12:06:03","date_gmt":"2016-07-06T16:06:03","guid":{"rendered":"http:\/\/186.202.136.96\/?page_id=763"},"modified":"2021-10-05T19:33:12","modified_gmt":"2021-10-05T19:33:12","slug":"gestao-de-documentos","status":"publish","type":"page","link":"https:\/\/www.lamper.com.br\/?page_id=763","title":{"rendered":"CEDOC"},"content":{"rendered":"\n<p>Converter documentos f\u00edsicos para o formato digital, indexando os mesmos, definindo um padr\u00e3o no acervo atrav\u00e9s de Tabela de Temporalidade nos termos da Lei, para que os mesmos sejam localizados rapidamente, possibilitando maior efici\u00eancia, rapidez e seguran\u00e7a na consulta, bem como agilidade no gerenciamento e controle das informa\u00e7\u00f5es com um ambiente organizado e produtivo. O gerenciamento de documentos permite uma captura f\u00e1cil e \u00e1gil, conserva\u00e7\u00e3o, seguran\u00e7a, ordem, pesquisa correta e descarte conforme sua classifica\u00e7\u00e3o no arquivo.<\/p>\n","protected":false},"excerpt":{"rendered":"<p>Converter documentos f\u00edsicos para o formato digital, indexando os mesmos, definindo um padr\u00e3o no acervo atrav\u00e9s de Tabela de Temporalidade nos termos da Lei, para que os mesmos sejam localizados rapidamente, possibilitando maior efici\u00eancia, rapidez e seguran\u00e7a na consulta, bem como agilidade no gerenciamento e controle das informa\u00e7\u00f5es com um ambiente organizado e produtivo. O<\/p>\n","protected":false},"author":1,"featured_media":0,"parent":0,"menu_order":0,"comment_status":"closed","ping_status":"open","template":"fullwidth.php","meta":[],"uagb_featured_image_src":{"full":false,"thumbnail":false,"medium":false,"medium_large":false,"large":false,"1536x1536":false,"2048x2048":false,"home_post_thumb":false,"wl_page_thumb":false,"blog_2c_thumb":false},"uagb_author_info":{"display_name":"admin","author_link":"https:\/\/www.lamper.com.br\/?author=1"},"uagb_comment_info":0,"uagb_excerpt":"Converter documentos f\u00edsicos para o formato digital, indexando os mesmos, definindo um padr\u00e3o no acervo atrav\u00e9s de Tabela de Temporalidade nos termos da Lei, para que os mesmos sejam localizados rapidamente, possibilitando maior efici\u00eancia, rapidez e seguran\u00e7a na consulta, bem como agilidade no gerenciamento e controle das informa\u00e7\u00f5es com um ambiente organizado e produtivo. O","_links":{"self":[{"href":"https:\/\/www.lamper.com.br\/index.php?rest_route=\/wp\/v2\/pages\/763"}],"collection":[{"href":"https:\/\/www.lamper.com.br\/index.php?rest_route=\/wp\/v2\/pages"}],"about":[{"href":"https:\/\/www.lamper.com.br\/index.php?rest_route=\/wp\/v2\/types\/page"}],"author":[{"embeddable":true,"href":"https:\/\/www.lamper.com.br\/index.php?rest_route=\/wp\/v2\/users\/1"}],"replies":[{"embeddable":true,"href":"https:\/\/www.lamper.com.br\/index.php?rest_route=%2Fwp%2Fv2%2Fcomments&post=763"}],"version-history":[{"count":2,"href":"https:\/\/www.lamper.com.br\/index.php?rest_route=\/wp\/v2\/pages\/763\/revisions"}],"predecessor-version":[{"id":1365,"href":"https:\/\/www.lamper.com.br\/index.php?rest_route=\/wp\/v2\/pages\/763\/revisions\/1365"}],"wp:attachment":[{"href":"https:\/\/www.lamper.com.br\/index.php?rest_route=%2Fwp%2Fv2%2Fmedia&parent=763"}],"curies":[{"name":"wp","href":"https:\/\/api.w.org\/{rel}","templated":true}]}}